thousands digit of 13674653?
6
What is the units digit of 672436145?
5
What is the hundreds digit of 87698994?
9
What is the ten thousands digit of 595852504?
5
What is the hundred thousands digit of 95582960?
5
What is the units digit of 151718065?
5
What is the ten millions digit of 37694284?
3
What is the hundreds digit of 76302076?
0
What is the units digit of 83883272?
2
What is the ten millions digit of 86995468?
8
What is the millions digit of 3604945531?
4
What is the ten millions digit of 2407207023?
0
What is the millions digit of 153055156?
3
What is the hundred millions digit of 3290102025?
2
What is the ten millions digit of 141627820?
4
What is the ten millions digit of 130440678?
3
What is the units digit of 19239740?
0
What is the units digit of 774161304?
4
What is the tens digit of 65485188?
8
What is the thousands digit of 140092266?
2
What is the hundreds digit of 13213644?
6
What is the hundred millions digit of 297349514?
2
What is the ten thousands digit of 23262947?
6
What is the ten millions digit of 44662484?
4
What is the hundreds digit of 220379326?
3
What is the millions digit of 298635741?
8
What is the ten millions digit of 104427354?
0
What is the millions digit of 33951583?
3
What is the hundred thousands digit of 18783430?
7
What is the tens digit of 184586637?
3
What is the tens digit of 64797384?
8
What is the thousands digit of 2749316500?
6
What is the hundreds digit of 436928953?
9
What is the hundred thousands digit of 1759243673?
2
What is the millions digit of 28090139?
8
What is the ten millions digit of 42840383?
4
What is the units digit of 1417150121?
1
What is the hundred millions digit of 485895960?
4
What is the hundred thousands digit of 3311701853?
7
What is the hundreds digit of 3276564403?
4
What is the hundreds digit of 54139391?
3
What is the ten millions digit of 27014031?
2
What is the hundreds digit of 350999449?
4
What is the billions digit of 4493120755?
4
What is the millions digit of 651500261?
1
What is the tens digit of 895985?
8
What is the hundred thousands digit of 2615708136?
7
What is the millions digit of 890294647?
0
What is the ten thousands digit of 3340010331?
1
What is the ten millions digit of 37880773?
3
What is the ten thousands digit of 65884066?
8
What is the hundreds digit of 110556500?
5
What is the millions digit of 4771138065?
1
What is the millions digit of 12018375?
2
What is the hundreds digit of 57535313?
3
What is the units digit of 2473877390?
0
What is the ten millions digit of 431462302?
3
What is the hundred millions digit of 100617589?
1
What is the tens digit of 221871503?
0
What is the hundred millions digit of 2123612651?
1
What is the tens digit of 4020072732?
3
What is the hundred thousands digit of 33373378?
3
What is the thousands digit of 85079316?
9
What is the thousands digit of 980565275?
5
What is the hundreds digit of 3612827368?
3
What is the thousands digit of 361341309?
1
What is the hundred millions digit of 882079408?
8
What is the hundreds digit of 800327130?
1
What is the millions digit of 61915107?
1
What is the thousands digit of 53973423?
3
What is the units digit of 171163696?
6
What is the thousands digit of 241667275?
7
What is the thousands digit of 2157935487?
5
What is the tens digit of 634544569?
6
What is the hundreds digit of 270653079?
0
What is the thousands digit of 89264924?
4
What is the hundred thousands digit of 138760893?
7
What is the hundreds digit of 73335836?
8
What is the hundreds digit of 1470385189?
1
What is the hundred thousands digit of 319554503?
5
What is the thousands digit of 100393337?
3
What is the hundred thousands digit of 936423582?
4
What is the hundreds digit of 50546375?
3
What is the hundred thousands digit of 264030007?
0
What is the thousands digit of 1597395025?
5
What is the ten thousands digit of 403827114?
2
What is the tens digit of 191885263?
6
What is the ten millions digit of 27560542?
2
What is the hundreds digit of 4043666497?
4
What is the hundred thousands digit of 3019935880?
9
What is the units digit of 572021610?
0
What is the hundred thousands digit of 21787977?
7
What is the tens digit of 1380178738?
3
What is the hundred thousands digit of 848901080?
9
What is the hundreds digit of 4696461922?
9
What is the ten thousands digit of 3239645486?
4
What is the units digit of 1405469718?
8
What is the ten thousands digit of 27251211?
5
What is the hundred millions digit of 2190699830?
1
What is the hundreds digit of 690435980?
9
What is the millions digit of 109788607?
9
What is the ten thousands digit of 40408236?
0
What is the tens digit of 23933484?
8
What is the ten thousands digit of 2463149291?
4
What is the tens digit of 667873751?
5
What is the millions digit of 562705661?
2
What is the hundred thousands digit of 234614641?
6
What is the hundreds digit of 1614747892?
8
What is the tens digit of 98823540?
4
What is the millions digit of 518253295?
8
What is the hundred thousands digit of 44983668?
9
What is the ten millions digit of 1736957400?
3
What is the hundreds digit of 155530523?
5
What is the millions digit of 122934043?
2
What is the ten millions digit of 15934285?
1
What is the thousands digit of 9443398?
3
What is the ten millions digit of 602943287?
0
What is the thousands digit of 2583873033?
3
What is the tens digit of 13378875?
7
What is the hundred thousands digit of 24099638?
0
What is the hundred thousands digit of 35237418?
2
What is the thousands digit of 903270194?
0
What is the tens digit of 54545278?
7
What is the ten thousands digit of 253816381?
1
What is the hundred millions digit of 885162367?
8
What is the tens digit of 322870803?
0
What is the tens digit of 26508966?
6
What is the hundreds digit of 323747149?
1
What is the tens digit of 121689997?
9
What is the ten millions digit of 12630866?
1
What is the thousands digit of 242508953?
8
What is the hundreds digit of 9536919?
9
What is the tens digit of 57319616?
1
What is the millions digit of 1154099806?
4
What is the millions digit of 808885222?
8
What is the millions digit of 546832499?
6
What is the ten thousands digit of 84225235?
2
What is the hundreds digit of 52133236?
2
What is the ten thousands digit of 601246450?
4
What is the ten millions digit of 1465628437?
6
What is the thousands digit of 849715535?
5
What is the thousands digit of 49116241?
6
What is the hundreds digit of 1234375454?
4
What is the thousands digit of 70435153?
5
What is the hundred thousands digit of 165071722?
0
What is the tens digit of 181257444?
4
What is the thousands digit of 171558199?
8
What is the hundreds digit of 23131598?
5
What is the millions digit of 2083348779?
3
What is the ten millions digit of 103964734?
0
What is the tens digit of 3265352479?
7
What is the hundreds digit of 3970535625?
6
What is the thousands digit of 53779685?
9
What is the thousands digit of 3072534828?
4
What is the thousands digit of 36581490?
1
What is the ten thousands digit of 979014222?
1
What is the units digit of 219599259?
9
What is the units digit of 636955217?
7
What is the tens digit of 26583702?
0
What is the tens digit of 959824693?
9
What is the ten millions digit of 160102871?
6
What is the ten millions digit of 3404902869?
0
What is the hundreds digit of 573829518?
5
What is the millions digit of 49835371?
9
What is the millions digit of 449480096?
9
What is the units digit of 1144125585?
5
What is the millions digit of 48012914?
8
What is the millions digit of 512905310?
2
What is the ten thousands digit of 6531189495?
8
What is the hundred thousands digit of 650733388?
7
What is the ten millions digit of 26233394?
2
What is the hundred thousands digit of 2075558817?
5
What is the millions digit of 4330348603?
0
What is the hundred thousands digit of 49778713?
7
What is the thousands digit of 37171295?
1
What is the hundred thousands digit of 228430133?
4
What is the units digit of 537320966?
6
What is the millions digit of 2058440115?
8
What is the tens digit of 185856401?
0
What is the ten millions digit of 119373022?
1
What is the millions digit of 87818823?
7
What is the hundred thousands digit of 128047555?
0
What is the millions digit of 911398006?
1
What is the tens digit of 264207694?
9
Wh